 513 is divided by (15/10)/((-2 + (-3606)/(-1776))/3)?
69
Let i(w) = -15*w - 30. Let b be i(-5). Let l = b + -73. Calculate the remainder when 49 is divided by -34*(21/l)/(3/2).
15
Let w = 1701 - 1681. What is the remainder when 97 is divided by w?
17
Let j(z) = -z**3 + 5. What is the remainder when (-619)/(-7) - (-1578)/(-3682) is divided by j(0)?
3
Let t = 117 - 0. Let c = t + 7. Suppose -27*f + c = -23*f. Calculate the remainder when 61 is divided by f.
30
Let c(w) = 27*w**2 + 2*w. Let m be ((-40)/40)/((2 - 1)/5). Calculate the remainder when c(-2) is divided by m/(-4) - (-316)/16.
20
Suppose 1267*p - 1273*p = -30870. What is the remainder when p is divided by 22?
19
Let u(t) = -313*t + 11. Let l be u(-3). Suppose 3*a - 568 = -2*h, 5*a + 5*h - l = -0*a. What is the remainder when a is divided by 21?
20
Suppose 6*w = 4*r + 64 - 1406, 0 = 2*w - 2. What is the remainder when r is divided by 79?
21
Let r = -429 + 453. What is the remainder when 41 is divided by (-7 - (-114)/r)/((-3)/4)?
2
Let b(p) = -950*p + 3853. Calculate the remainder when 162 is divided by b(4).
3
Let x = 306 - 199. Suppose -8*k + 7*k = -x. Let g = 266 + -239. Calculate the remainder when k is divided by g.
26
Let a = -1635 + 1683. Calculate the remainder when a is divided by 41.
7
Let h = -351 - -70. Let d = -221 - h. What is the remainder when d is divided by 21?
18
Let m be -3*(3 + -2)*-1. Suppose 4*r - 119 = -m*r. Suppose -r = 2*g - 53. Calculate the remainder when 51 is divided by g.
15
Let d(q) = 230*q + 1163. Calculate the remainder when 271 is divided by d(-5).
11
Let j(p) = -333*p - 1066. What is the remainder when j(-4) is divided by 70?
56
What is the remainder when 20 is divided by 266/11 - 22 - 1/((-11)/(-2))?
0
Suppose -3*h = 3*r + 99, -r - 177 = 4*r - h. Let k(l) = -13*l. Let y be k(4). Let c = r - y. Calculate the remainder when 82 is divided by c.
14
Let p = 5 - 3. Suppose -5*d = p*v - 32, 5*v - 4*d - 57 + 10 = 0. Suppose 142*j = 124*j + 720. What is the remainder when j is divided by v?
7
Suppose -638 + 806 = 7*m. What is the remainder when 143 is divided by m?
23
Let q(f) = -7 + 8 + 24 - 3*f + 4*f. What is the remainder when 4/3*-1*111/(-2) is divided by q(-10)?
14
Suppose w - w + 424 = 8*w. Calculate the remainder when 440 is divided by w.
16
Suppose -3*l - 5*w + 177 = -3*w, -3*l + 4*w = -159. Let n = 65 - l. What is the remainder when n is divided by 0 - (2 - (0 - -5))?
2
Let s = -67 - -72. Suppose -145 = -s*c - 4*z, -z + 16 - 120 = -3*c. What is the remainder when 78 is divided by c?
12
Let g = -161 + 226. Suppose 8*j = 2 + 14. Suppose 0 = r - 2*k - 25, r - j*k = -3*r + 76. Calculate the remainder when g is divided by r.
14
What is the remainder when (-18821)/(-17) - 7 - (-6)/(-51) is divided by 29?
27
Calculate the remainder when 24/(-5) + 48/60 - (2 + -296) is divided by 95.
5
Let w = -24 - -32. What is the remainder when (-10)/16*-34 - 190/152 is divided by w?
4
Suppose -5*b + 5*z + 53 = 33, 0 = -2*b - 2*z + 20. Calculate the remainder when 122 is divided by b.
3
Let b(o) = o**3 + 4*o**2 + 5*o - 1. Let n be b(-4). Let r = n - -34. What is the remainder when 153*((-9 - -30) + -20) is divided by r?
10
Suppose 21*a - 22*a = -4*r + 100, 4*r - 100 = 3*a. Calculate the remainder when 246 is divided by r.
21
Let o(h) = 348*h - 5546. What is the remainder when 1616 is divided by o(16)?
10
Let u(p) = -4*p + 3. Let z(g) = 8*g**2 + 20*g - 18. Let t be z(-9). Let w = 455 - t. Calculate the remainder when u(-6) is divided by w.
2
Suppose h + 4*p + 784 = 5*h, 2*p + 196 = h. Suppose h*r = 191*r + 60. What is the remainder when 322 is divided by r?
10
Calculate the remainder when 303 is divided by (-30 - (15 - 27))*(-16)/6.
15
Let p(d) = -d**2 - d. Let m(x) = 5*x**2 + 14*x + 8. Let i(s) = -m(s) - 4*p(s). Calculate the remainder when i(-5) is divided by (-5)/(-10)*-10*-2.
7
Suppose 525*z - 562*z + 7289 = 0. What is the remainder when 1197 is divided by z?
15
Let j = 305 - 562. Let k = -177 - j. Suppose -2*i - k - 194 = -5*z, 3*z - 4*i - 170 = 0. What is the remainder when z is divided by 11?
10
Let m(q) = 3*q**2 - 19*q - 135. Let s(i) = -i**3 - 2*i**2 + 3*i + 4. Let p be s(-3). Suppose p*y + 48 = 340. What is the remainder when y is divided by m(11)?
16
Let n(h) be the second derivative of -h**4/4 + h**3/2 + 18*h**2 + 11*h. Let q be n(17). What is the remainder when 53 is divided by q/(-55) - 6/33?
11
Suppose -33 = -5*l - i, 3*l - i + 2 = 17. Suppose -2*f - l*p + 43 = -3*p, -4*f + 111 = p. What is the remainder when f is divided by (1/7)/(((-55)/(-847))/5)?
7
Let c = 38 - -11. Suppose 61*g = 7*g + 364 + 1040. Calculate the remainder when c is divided by g.
23
Let z = 5832 + -4726. Calculate the remainder when z is divided by 548.
10
Let u(o) = 34*o - 9. Let s = 2661 + -2638. Calculate the remainder when u(11) is divided by s.
20
Let g(n) = n**2 + 29*n - 744. Calculate the remainder when 1061 is divided by g(17).
35
Let h = -70 + 73. Suppose -h*c = -2*q + 108, -q + 140 = 2*q + c. What is the remainder when q is divided by 1 + 6 - (-12)/4?
8
Let x(t) = t**2 + t - 7. Calculate the remainder when x(6) is divided by ((-132)/11 - -23) + 11.
13
Suppose 4*s - 3*z - 540 = 2*z, -2*s + 270 = z. Suppose 347*r = 356*r - s. Calculate the remainder when 42 is divided by r.
12
Suppose -158*a = -155*a + 2*j - 44, -5*a - 5*j = -80. What is the remainder when 1425 is divided by a?
9
Suppose 2*r + 614 = 5*w, w + 3*r + 2 - 101 = 0. Calculate the remainder when w is divided by 58.
4
Let s be 1/(1 + (-7)/8) + 4. Calculate the remainder when (-3)/(27/s)*-6 is divided by 2.
0
What is the remainder when 789 is divided by 266160/2640 - (-2)/11?
82
Let s(r) = 5*r + 3. Let w be s(0). Let n be w*(6 + -8 + (-8)/6). Let z = -2 - n. Calculate the remainder when 29 is divided by z.
5
Let s(u) = 3*u**2 - 2 - 4*u**2 + 8928*u + 0*u**2 - 8939*u. Suppose -i - 5*a = -5, -2*i = -3*i + a - 7. What is the remainder when 107 is divided by s(i)?
23
Let c(x) = -1 - 22*x**2 + 31*x**2 + 3. Let t(q) = -q + 28. Calculate the remainder when c(3) is divided by t(7).
20
Suppose -5*j = 5, -f + 5*j = 2*f - 872. Calculate the remainder when 585 is divided by f.
7
Let w(r) = 2920*r - 29173. Suppose -3*v + 458 + 181 = -4*m, 2*v + 2*m - 426 = 0. Calculate the remainder when v is divided by w(10).
24
Let q be 0 + 4/14 - (-3500)/98. Suppose q*d - 252 = 18*d. Calculate the remainder when 77 is divided by d.
7
Let w(l) = -l**2 + 99*l - 1126. What is the remainder when 474 is divided by w(79)?
20
Suppose -s + 38 = 2*a - 5*a, 4*s + a = 48. What is the remainder when 153 is divided by s?
13
Suppose -6 + 63 = -2*i - 3*o, -2*o - 134 = 4*i. Let w be 2/(-8) - 4329/i. Suppose 3*p = 11*p - w. What is the remainder when 59 is divided by p?
14
Let d(i) = i**3 - 8*i**2 + 2*i - 12. Let q be d(8). Suppose -q*w = -2*u - 308, 5*w - 382 = -0*w + 4*u. What is the remainder when w is divided by 9?
6
Suppose 11 - 27 = 8*z. Let f be (z/10*8)/(2/(-5)). Calculate the remainder when (-230)/f*68/(-85) is divided by 17.
12
Suppose -65*x = -67*x - 6. What is the remainder when 0*(1 - 0) - x - -33 is divided by 17?
2
Suppose -16*y = -6*y - 2280. What is the remainder when y is divided by 73?
9
Suppose 105*v + 3656 = 56*v + 57*v. Calculate the remainder when v is divided by 115.
112
Let v(h) = -3*h**2 - 4*h - 1. Let s be v(3). Calculate the remainder when (-6)/12*s*2 is divided by (-1)/(-4) + 110/8.
12
Suppose 127*c - 184*c + 2166 = 0. What is the remainder when 404 is divided by c?
24
Suppose 6*j = 3*n + 2*j - 36, 5*j + 17 = 2*n. Calculate the remainder when 172 is divided by n.
12
Let w(n) = 53*n - 177. What is the remainder when w(10) is divided by 341?
12
Let b = -44 + 46. Suppose -2*m + m - 4*d = -45, -b*d = 2*m - 102. Suppose 8 = -15*a + m. What is the remainder when 14 is divided by a?
2
Let v(i) = i**3 + 4*i**2 - 5. Let q be v(-3). Let b = -598 - -607. What is the remainder when -3 + 0 + q + 24 is divided by b?
7
Let y(s) = 2*s**3 + 77*s**2 - 5*s + 162. What is the remainder when y(-38) is divided by 31?
29
Suppose 2*j - 4*j + 190 = 8*j. Suppose -5*n + 0*n = -4*u - 425, -4*u = -20. Calculate the remainder when n is divided by j.
13
Suppose 0 = 67*p + 1622 - 5106. What is the remainder when 764 is divided by p?
36
Suppose 4*p = 3*m - 280, -2*m 